divide 78778791?
True
Does 969 divide 13677435?
True
Does 1319 divide 803782928?
False
Is 43 a factor of 187143740?
True
Is 84787954 a multiple of 23?
False
Is 4586994665 a multiple of 16?
False
Does 1659 divide 1356036?
False
Does 7538 divide 1196896286?
False
Is 1519061544 a multiple of 4004?
True
Is 32967615 a multiple of 97?
False
Is 1272080520 a multiple of 24?
True
Is 451 a factor of 1948501438?
False
Is 97 a factor of 54822848?
True
Is 8171736 a multiple of 7?
False
Does 15 divide 33535962?
False
Is 13 a factor of 312224484?
True
Is 2085912 a multiple of 36?
True
Is 288 a factor of 14254796?
False
Is 4701 a factor of 202575492?
True
Does 148 divide 495158468?
False
Is 170507017 a multiple of 210?
False
Does 4 divide 9889531?
False
Does 1486 divide 836449701?
False
Is 1776 a factor of 1194519840?
True
Does 874 divide 199538798?
False
Does 228 divide 511370325?
False
Is 23 a factor of 30146639?
False
Is 12808440 a multiple of 94?
True
Is 14190872 a multiple of 76?
True
Is 1457643 a multiple of 3?
True
Does 1123 divide 79219789?
True
Is 1069 a factor of 199208150?
True
Is 63005796 a multiple of 756?
True
Is 57 a factor of 5280105?
False
Is 7197776 a multiple of 1396?
True
Is 6533 a factor of 4191703460?
True
Is 259229664 a multiple of 1892?
False
Is 2530 a factor of 3658016851?
False
Does 13 divide 14209525?
False
Does 71 divide 321195493?
False
Is 64073448 a multiple of 36?
True
Does 274 divide 164736378?
False
Is 2850 a factor of 108186000?
True
Is 1018 a factor of 15711812?
True
Is 3 a factor of 18269103?
True
Is 195931710 a multiple of 15?
True
Is 1591 a factor of 25219374?
False
Is 8 a factor of 457178443?
False
Is 6371014 a multiple of 6?
False
Is 1141 a factor of 173322464?
True
Does 13 divide 146455257?
True
Does 1063 divide 1818480?
False
Is 474800285 a multiple of 1885?
False
Is 386 a factor of 46357807?
False
Is 48 a factor of 2442130829?
False
Is 343491660 a multiple of 460?
True
Does 942 divide 1152693448?
False
Is 9216621 a multiple of 831?
True
Does 2109 divide 93139686?
False
Does 1185 divide 102412440?
True
Does 1590 divide 26842112?
False
Does 356 divide 1869356?
True
Is 164 a factor of 66832773?
False
Does 92 divide 64254395?
False
Is 86721842 a multiple of 1434?
False
Does 158 divide 77478302?
True
Does 1210 divide 18658200?
True
Is 422 a factor of 12723044?
False
Does 12 divide 23419068?
True
Does 15 divide 3513405?
True
Is 2761058 a multiple of 1681?
False
Does 924 divide 23476068?
True
Is 17290999 a multiple of 803?
True
Is 22136952 a multiple of 6?
True
Is 9 a factor of 39722949?
True
Is 9996527 a multiple of 34?
False
Is 549898572 a multiple of 83?
True
Is 27 a factor of 1068498299?
False
Is 216836790 a multiple of 6?
True
Is 311 a factor of 465782518?
False
Is 1161 a factor of 50620891?
False
Does 2 divide 8022673?
False
Is 1723 a factor of 125327574?
True
Is 202 a factor of 20521755?
False
Does 16 divide 15745104?
True
Is 7213 a factor of 708842749?
False
Is 47 a factor of 200488739?
False
Does 2333 divide 496115380?
False
Is 3914 a factor of 244651413?
False
Is 78642564 a multiple of 84?
True
Is 93941532 a multiple of 493?
False
Is 342 a factor of 72316926?
True
Does 21 divide 4605258?
True
Is 8 a factor of 16653488?
True
Is 214952816 a multiple of 52?
True
Is 318975267 a multiple of 639?
False
Is 38748528 a multiple of 1456?
True
Does 84 divide 1277306940?
True
Is 8209338 a multiple of 222?
True
Is 496429197 a multiple of 201?
True
Does 744 divide 3242662810?
False
Is 271 a factor of 32538649?
False
Does 30 divide 155757934?
False
Is 11 a factor of 24985258?
False
Does 13 divide 35568697?
False
Does 30 divide 12645869?
False
Is 298 a factor of 17359990?
True
Is 60815428 a multiple of 124?
True
Does 11 divide 4720692653?
False
Is 4872 a factor of 1855900704?
True
Does 20 divide 565938180?
True
Does 9 divide 865536381?
True
Does 441 divide 1254942675?
True
Does 8 divide 576972341?
False
Is 1804757057 a multiple of 361?
False
Is 9416793 a multiple of 556?
False
Does 541 divide 86402271?
False
Does 846 divide 38015010?
True
Does 61 divide 2420358?
True
Is 347393028 a multiple of 3288?
False
Is 393302898 a multiple of 8?
False
Is 10 a factor of 105807083?
False
Does 661 divide 1483108230?
False
Does 303 divide 34060773?
False
Does 535 divide 52806046?
False
Is 75968162 a multiple of 82?
True
Is 12 a factor of 40337844?
True
Does 2884 divide 543459326?
False
Is 4984 a factor of 662577944?
True
Is 616 a factor of 2276166200?
True
Does 329 divide 72891266?
True
Is 453 a factor of 29353947?
True
Is 1002 a factor of 262041034?
False
Does 2 divide 841010?
True
Is 3 a factor of 11753977?
False
Is 493540290 a multiple of 71?
False
Is 152688278 a multiple of 417?
False
Is 46225295 a multiple of 35?
False
Is 63257461 a multiple of 288?
False
Is 10 a factor of 76682930?
True
Does 4 divide 792731366?
False
Is 3257802 a multiple of 18?
True
Is 3208226 a multiple of 19?
True
Does 2707 divide 1555407912?
False
Is 2678488199 a multiple of 153?
False
Is 44268293 a multiple of 20?
False
Is 20 a factor of 4079772980?
True
Is 176 a factor of 39542787?
False
Is 119479912 a multiple of 4197?
False
Is 171792528 a multiple of 12?
True
Is 511 a factor of 20501833?
False
Is 107624428 a multiple of 3?
False
Is 2783 a factor of 231813675?
False
Is 4536278720 a multiple of 236?
True
Is 86 a factor of 646353898?
True
Is 588 a factor of 43269725?
False
Is 243342203 a multiple of 10?
False
Is 20 a factor of 220839660?
True
Is 22388160 a multiple of 5?
True
Is 925 a factor of 90123675?
True
Is 5555328 even?
True
Does 530 divide 17904460?
True
Is 3472799176 a multiple of 308?
True
Is 70 a factor of 3376857960?
True
Is 9476781 a multiple of 15?
False
Is 56352307 a multiple of 2651?
True
Is 45785721 a multiple of 597?
True
Is 504 a factor of 3721032?
True
Does 34 divide 1757230?
False
Is 6 a factor of 715174625?
False
Is 47796200 a multiple of 3530?
True
Does 4967 divide 4417013279?
False
Is 120 a factor of 65580720?
True
Is 1104184898 a multiple of 225?
False
Does 51 divide 455851374?
False
Is 9 a factor of 108491805?
True
Is 412 a factor of 790375856?
True
Is 31298094 a multiple of 397?
False
Is 26 a factor of 33323576?
True
Does 363 divide 6282804?
True
Is 25201523 a multiple of 1912?
False
Is 2899232256 a multiple of 128?
True
Is 112 a factor of 367700305?
False
Does 71 divide 12903103?
False
Does 100 divide 4571646?
False
Is 3089064173 a multiple of 142?
False
Is 25 a factor of 1376668325?
True
Does 3688 divide 360358281?
False
Is 14724550 a multiple of 578?
True
Does 836 divide 12419541?
False
Does 27 divide 41730221?
False
Is 59 a factor of 81465236?
False
Does 400 divide 207943735?
False
Is 60 a factor of 44792880?
True
Is 2629257 a multiple of 6?
False
Does 6319 divide 2376907231?
False
Does 354 divide 13162933?
False
Is 6766947341 a multiple of 5087?
False
Is 2256843 a multiple of 6?
False
Is 260240574 a multiple of 283?
True
Is 45628151 a multiple of 15?
False
Is 10 a factor of 945877?
False
Is 15 a factor of 75332695?
False
Is 205784660 a multiple of 2312?
False
Does 36 divide 155794608?
True
Does 1654 divide 492617933?
False
Is 150723498 a multiple of 29?
True
Is 956411688 a multiple of 7?
False
Does 7 divide 192368954?
False
Is 102 a factor of 222249215?
False
Is 1486999523 a multiple of 14?
False
Does 389 divide 190646566?
True
Is 383639905 a multiple of 7?
False
Is 277 a factor of 42580175?
False
Does 550 divide 200059750?
True
Is 258291119 a multiple of 23?
False
Is 15 a factor of 35712638?
False
Does 121 divide 12394030?
True
Is 36 a factor of 920089080?
True
Does 70 divide 54252520?
True
Is 220 a factor of 42312380?
True
Is 10 a factor of 15017090?
True
Is 157 a factor of 82747321?
True
Is 926 a factor of 36004756?
False
Is 2494957123 a multiple of 1819?
False
Is 83918441 a multiple of 3?
False
Is 6 a factor of 21289620?
True
Is 89 a factor of 549320104?
True
Is 1994 a factor of 3082549295?
False
Is 96029150 a multiple of 14?
True
Is 959 a factor of 3002653042?
False
Does 61 divide 44484245?
False
Does 44 divide 107430224?
True
Does 145 divide 534274538?
False
Is 344669229 a multiple of 4?
False
Is 43733824 a multiple of 1342?
False
Is 188358855 a multiple of 3?
True
Is 131 a factor of 231474257?
False
Is 2370971 a multiple of 